{"id":71,"date":"2022-09-05T08:27:19","date_gmt":"2022-09-05T08:27:19","guid":{"rendered":"https:\/\/amag.com.es\/?page_id=71"},"modified":"2022-09-05T08:56:31","modified_gmt":"2022-09-05T08:56:31","slug":"confeccion","status":"publish","type":"page","link":"https:\/\/amag.com.es\/index.php\/confeccion\/","title":{"rendered":"Confecci\u00f3n"},"content":{"rendered":"\n<p>Cenfecci\u00f3n en Espa\u00f1a<\/p>\n\n\n\n<p>\u25a0 Somos capaces de confeccionar cualquier tipo de prenda textil y accesorios, adapt\u00e1ndonos a las necesidades de nuestros clientes, tanto en calidad como en cantidad.<\/p>\n\n\n\n<p>\u25a0 La fabricaci\u00f3n de proximidad nos asegura una gran calidad, tanto en la personalizaci\u00f3n como en la confecci\u00f3n.<\/p>\n\n\n\n<p>Confecci\u00f3n en Marruecos<\/p>\n\n\n\n<p>\u25a0 Una experiencia de m\u00e1s de 25 a\u00f1os trabajando en Marruecos, pudiendo confeccionar casi cualquier tipo de prenda a un precio muy competitivo, con plazos de entrega adaptados a las necesidades de nuestros clientes, garantizando siempre la calidad de todos los productos.<\/p>\n\n\n\n<p>\u25a0 A resaltar la proximidad, facilidad y flexibilidad de fabricaci\u00f3n :<\/p>\n\n\n\n<ul class=\"wp-block-list\"><li>T\u00e1nger, principal puerto comercial a hora y media de Barcelona.<\/li><\/ul>\n\n\n\n<ul class=\"wp-block-list\"><li>Tr\u00e1nsito : 4 d\u00edas de tr\u00e1nsito cami\u00f3n\/barco tanto de ida como de vuelta.<\/li><\/ul>\n\n\n\n<ul class=\"wp-block-list\"><li>Libre de aranceles gracias al tratado de pa\u00edses mediterr\u00e1neos.<\/li><\/ul>\n\n\n\n<ul class=\"wp-block-list\"><li>Sin m\u00ednimos de producci\u00f3n.<\/li><\/ul>\n","protected":false},"excerpt":{"rendered":"<p>Cenfecci\u00f3n en Espa\u00f1a \u25a0 Somos capaces de confeccionar cualquier tipo de prenda textil y accesorios, adapt\u00e1ndonos a las necesidades de nuestros clientes, tanto en calidad como en cantidad. \u25a0 La fabricaci\u00f3n de proximidad nos asegura una gran calidad, tanto en la personalizaci\u00f3n como en la confecci\u00f3n. Confecci\u00f3n en Marruecos \u25a0 Una experiencia de m\u00e1s de &hellip; <\/p>\n<p class=\"link-more\"><a href=\"https:\/\/amag.com.es\/index.php\/confeccion\/\" class=\"more-link\">Continuar leyendo<span class=\"screen-reader-text\"> \u00abConfecci\u00f3n\u00bb<\/span><\/a><\/p>\n","protected":false},"author":1,"featured_media":88,"parent":0,"menu_order":0,"comment_status":"closed","ping_status":"closed","template":"","meta":{"om_disable_all_campaigns":false,"_mi_skip_tracking":false,"_monsterinsights_sitenote_active":false,"_monsterinsights_sitenote_note":"","_monsterinsights_sitenote_category":0,"footnotes":""},"class_list":["post-71","page","type-page","status-publish","has-post-thumbnail","hentry"],"aioseo_notices":[],"_links":{"self":[{"href":"https:\/\/amag.com.es\/index.php\/wp-json\/wp\/v2\/pages\/71","targetHints":{"allow":["GET"]}}],"collection":[{"href":"https:\/\/amag.com.es\/index.php\/wp-json\/wp\/v2\/pages"}],"about":[{"href":"https:\/\/amag.com.es\/index.php\/wp-json\/wp\/v2\/types\/page"}],"author":[{"embeddable":true,"href":"https:\/\/amag.com.es\/index.php\/wp-json\/wp\/v2\/users\/1"}],"replies":[{"embeddable":true,"href":"https:\/\/amag.com.es\/index.php\/wp-json\/wp\/v2\/comments?post=71"}],"version-history":[{"count":2,"href":"https:\/\/amag.com.es\/index.php\/wp-json\/wp\/v2\/pages\/71\/revisions"}],"predecessor-version":[{"id":74,"href":"https:\/\/amag.com.es\/index.php\/wp-json\/wp\/v2\/pages\/71\/revisions\/74"}],"wp:featuredmedia":[{"embeddable":true,"href":"https:\/\/amag.com.es\/index.php\/wp-json\/wp\/v2\/media\/88"}],"wp:attachment":[{"href":"https:\/\/amag.com.es\/index.php\/wp-json\/wp\/v2\/media?parent=71"}],"curies":[{"name":"wp","href":"https:\/\/api.w.org\/{rel}","templated":true}]}}