{"id":12,"date":"2022-09-01T22:34:46","date_gmt":"2022-09-01T22:34:46","guid":{"rendered":"https:\/\/amag.com.es\/?page_id=12"},"modified":"2022-09-05T13:09:46","modified_gmt":"2022-09-05T13:09:46","slug":"contact","status":"publish","type":"page","link":"https:\/\/amag.com.es\/index.php\/contact\/","title":{"rendered":"Contacto"},"content":{"rendered":"\n<p>Si est\u00e1s interesado en que te ayudemos en la producci\u00f3n de tus productos nos puedes contactar de la siguiente manera:<\/p>\n\n\n\n<p>Tel\u00e9fono: +34 623-194-361<\/p>\n\n\n\n<p>E-mail: priera@amag.com.es<\/p>\n","protected":false},"excerpt":{"rendered":"<p>Si est\u00e1s interesado en que te ayudemos en la producci\u00f3n de tus productos nos puedes contactar de la siguiente manera: Tel\u00e9fono: +34 623-194-361 E-mail: priera@amag.com.es<\/p>\n","protected":false},"author":1,"featured_media":107,"parent":0,"menu_order":0,"comment_status":"closed","ping_status":"closed","template":"","meta":{"om_disable_all_campaigns":false,"_mi_skip_tracking":false,"_monsterinsights_sitenote_active":false,"_monsterinsights_sitenote_note":"","_monsterinsights_sitenote_category":0,"footnotes":""},"class_list":["post-12","page","type-page","status-publish","has-post-thumbnail","hentry"],"aioseo_notices":[],"_links":{"self":[{"href":"https:\/\/amag.com.es\/index.php\/wp-json\/wp\/v2\/pages\/12","targetHints":{"allow":["GET"]}}],"collection":[{"href":"https:\/\/amag.com.es\/index.php\/wp-json\/wp\/v2\/pages"}],"about":[{"href":"https:\/\/amag.com.es\/index.php\/wp-json\/wp\/v2\/types\/page"}],"author":[{"embeddable":true,"href":"https:\/\/amag.com.es\/index.php\/wp-json\/wp\/v2\/users\/1"}],"replies":[{"embeddable":true,"href":"https:\/\/amag.com.es\/index.php\/wp-json\/wp\/v2\/comments?post=12"}],"version-history":[{"count":4,"href":"https:\/\/amag.com.es\/index.php\/wp-json\/wp\/v2\/pages\/12\/revisions"}],"predecessor-version":[{"id":108,"href":"https:\/\/amag.com.es\/index.php\/wp-json\/wp\/v2\/pages\/12\/revisions\/108"}],"wp:featuredmedia":[{"embeddable":true,"href":"https:\/\/amag.com.es\/index.php\/wp-json\/wp\/v2\/media\/107"}],"wp:attachment":[{"href":"https:\/\/amag.com.es\/index.php\/wp-json\/wp\/v2\/media?parent=12"}],"curies":[{"name":"wp","href":"https:\/\/api.w.org\/{rel}","templated":true}]}}